{"id":83,"date":"2014-12-19T19:44:14","date_gmt":"2014-12-19T18:44:14","guid":{"rendered":"http:\/\/www.afadomeny.cat\/?page_id=83"},"modified":"2018-09-15T00:36:03","modified_gmt":"2018-09-14T23:36:03","slug":"biblioteca","status":"publish","type":"page","link":"https:\/\/www.afadomeny.cat\/index.php\/que-fem\/biblioteca\/","title":{"rendered":"Biblioteca"},"content":{"rendered":"<h3>Comissi\u00f3 de Biblioteca.<\/h3>\n<p>La comissi\u00f3 de biblioteca s&#8217; ha encarregat de catalogar m\u00e9s de 2800 volums amb el programa e_ pergam i classificar-los.<br \/>\nAra es dedica m\u00e9s a folrar-los i mantenir els llibres en bones condicions.<br \/>\nAls voltants de la\u00a0diada de Sant Jordi l&#8217;AFA sempre\u00a0fa una aportaci\u00f3 econ\u00f2mica per ampliar el fons de la biblioteca, amb obres en qu\u00e8 l&#8217;escola est\u00e0 interessada.<\/p>\n<p>&nbsp;<\/p>\n","protected":false},"excerpt":{"rendered":"<p>Comissi\u00f3 de Biblioteca. La comissi\u00f3 de biblioteca s&#8217; ha encarregat de catalogar m\u00e9s de 2800 volums amb el programa e_ pergam i classificar-los. Ara es dedica m\u00e9s a folrar-los i mantenir els llibres en bones<\/p>\n","protected":false},"author":1,"featured_media":0,"parent":15,"menu_order":7,"comment_status":"closed","ping_status":"open","template":"biblioteca-fixed-mobil.php","meta":{"footnotes":""},"class_list":["post-83","page","type-page","status-publish","hentry"],"_links":{"self":[{"href":"https:\/\/www.afadomeny.cat\/index.php\/wp-json\/wp\/v2\/pages\/83","targetHints":{"allow":["GET"]}}],"collection":[{"href":"https:\/\/www.afadomeny.cat\/index.php\/wp-json\/wp\/v2\/pages"}],"about":[{"href":"https:\/\/www.afadomeny.cat\/index.php\/wp-json\/wp\/v2\/types\/page"}],"author":[{"embeddable":true,"href":"https:\/\/www.afadomeny.cat\/index.php\/wp-json\/wp\/v2\/users\/1"}],"replies":[{"embeddable":true,"href":"https:\/\/www.afadomeny.cat\/index.php\/wp-json\/wp\/v2\/comments?post=83"}],"version-history":[{"count":0,"href":"https:\/\/www.afadomeny.cat\/index.php\/wp-json\/wp\/v2\/pages\/83\/revisions"}],"up":[{"embeddable":true,"href":"https:\/\/www.afadomeny.cat\/index.php\/wp-json\/wp\/v2\/pages\/15"}],"wp:attachment":[{"href":"https:\/\/www.afadomeny.cat\/index.php\/wp-json\/wp\/v2\/media?parent=83"}],"curies":[{"name":"wp","href":"https:\/\/api.w.org\/{rel}","templated":true}]}}

<h3>Comissió de Biblioteca.</h3>
<p>La comissió de biblioteca s&#8217; ha encarregat de catalogar més de 2800 volums amb el programa e_ pergam i classificar-los.<br />
Ara es dedica més a folrar-los i mantenir els llibres en bones condicions.<br />
Als voltants de la diada de Sant Jordi l&#8217;AFA sempre fa una aportació econòmica per ampliar el fons de la biblioteca, amb obres en què l&#8217;escola està interessada.</p>
<p>&nbsp;</p>

<p>Comissió de Biblioteca. La comissió de biblioteca s&#8217; ha encarregat de catalogar més de 2800 volums amb el programa e_ pergam i classificar-los. Ara es dedica més a folrar-los i mantenir els llibres en bones</p>
