{"id":4491,"date":"2025-05-31T18:37:01","date_gmt":"2025-05-31T17:37:01","guid":{"rendered":"https:\/\/www.afadomeny.cat\/?page_id=4491"},"modified":"2025-05-31T18:37:32","modified_gmt":"2025-05-31T17:37:32","slug":"esport-adaptat","status":"publish","type":"page","link":"https:\/\/www.afadomeny.cat\/index.php\/que-fem\/extraescolars\/esport-adaptat\/","title":{"rendered":"Esport adaptat"},"content":{"rendered":"\n<p>A c\u00e0rrec de la Federaci\u00f3 Esportiva Catalana de Par\u00e0lisis Cerebral (FECPC)<br \/><strong>Horaris:<\/strong> dijous de 17.30 a 18.30 h<br \/><strong>Preu:<\/strong> 25 \u20ac mes<\/p>\n\n\n","protected":false},"excerpt":{"rendered":"<p>A c\u00e0rrec de la Federaci\u00f3 Esportiva Catalana de Par\u00e0lisis Cerebral (FECPC)Horaris: dijous de 17.30 a 18.30 hPreu: 25 \u20ac mes<\/p>\n","protected":false},"author":5,"featured_media":0,"parent":78,"menu_order":5,"comment_status":"closed","ping_status":"closed","template":"","meta":{"footnotes":""},"class_list":["post-4491","page","type-page","status-publish","hentry"],"_links":{"self":[{"href":"https:\/\/www.afadomeny.cat\/index.php\/wp-json\/wp\/v2\/pages\/4491","targetHints":{"allow":["GET"]}}],"collection":[{"href":"https:\/\/www.afadomeny.cat\/index.php\/wp-json\/wp\/v2\/pages"}],"about":[{"href":"https:\/\/www.afadomeny.cat\/index.php\/wp-json\/wp\/v2\/types\/page"}],"author":[{"embeddable":true,"href":"https:\/\/www.afadomeny.cat\/index.php\/wp-json\/wp\/v2\/users\/5"}],"replies":[{"embeddable":true,"href":"https:\/\/www.afadomeny.cat\/index.php\/wp-json\/wp\/v2\/comments?post=4491"}],"version-history":[{"count":1,"href":"https:\/\/www.afadomeny.cat\/index.php\/wp-json\/wp\/v2\/pages\/4491\/revisions"}],"predecessor-version":[{"id":4493,"href":"https:\/\/www.afadomeny.cat\/index.php\/wp-json\/wp\/v2\/pages\/4491\/revisions\/4493"}],"up":[{"embeddable":true,"href":"https:\/\/www.afadomeny.cat\/index.php\/wp-json\/wp\/v2\/pages\/78"}],"wp:attachment":[{"href":"https:\/\/www.afadomeny.cat\/index.php\/wp-json\/wp\/v2\/media?parent=4491"}],"curies":[{"name":"wp","href":"https:\/\/api.w.org\/{rel}","templated":true}]}}

<p>A càrrec de la Federació Esportiva Catalana de Paràlisis Cerebral (FECPC)<br /><strong>Horaris:</strong> dijous de 17.30 a 18.30 h<br /><strong>Preu:</strong> 25 € mes</p>

<p>A càrrec de la Federació Esportiva Catalana de Paràlisis Cerebral (FECPC)Horaris: dijous de 17.30 a 18.30 hPreu: 25 € mes</p>
