{"id":4278,"date":"2024-06-19T22:31:08","date_gmt":"2024-06-19T21:31:08","guid":{"rendered":"https:\/\/www.afadomeny.cat\/?page_id=4278"},"modified":"2025-06-12T11:49:00","modified_gmt":"2025-06-12T10:49:00","slug":"tenis","status":"publish","type":"page","link":"https:\/\/www.afadomeny.cat\/index.php\/que-fem\/extraescolars\/tenis\/","title":{"rendered":"Tenis"},"content":{"rendered":"\n<p><strong>Empresa:<\/strong> GEiEG<br \/><strong><span style=\"text-decoration: underline;\">Grups i horaris<\/span><br \/>Infantil (I4-I5) i prim\u00e0ria (5\u00e8-6\u00e8): <\/strong>dilluns de 17 a 18 h, al GEiEG de Sant Pon\u00e7<br \/><strong>Prim\u00e0ria (1r-4t):<\/strong> dimecres de 16.30 a 18 h, a l&#8217;escola<\/p>\n<p><span style=\"text-decoration: underline;\"><strong>Preus<\/strong><\/span><br \/><strong>1r-4t <\/strong>(escola):<strong> 28,5\u20ac\/mes<\/strong>\u00a0<br \/><strong>I4, I5, 5\u00e8 i 6\u00e8<\/strong> (GEiEG Sant Pon\u00e7):<strong> 26,5 \u20ac\/mes\u00a0<\/strong><\/p>\n<p><a href=\"http:\/\/www.afadomeny.cat\/wp-content\/uploads\/2025\/06\/Tennis-Geieg.pdf\"><strong>M\u00e9s informaci\u00f3<\/strong><\/a><\/p>\n\n\n\n\n","protected":false},"excerpt":{"rendered":"<p>Empresa: GEiEGGrups i horarisInfantil (I4-I5) i prim\u00e0ria (5\u00e8-6\u00e8): dilluns de 17 a 18 h, al GEiEG de Sant Pon\u00e7Prim\u00e0ria (1r-4t): dimecres de 16.30 a 18 h, a l&#8217;escola Preus1r-4t (escola): 28,5\u20ac\/mes\u00a0I4, I5, 5\u00e8 i 6\u00e8<\/p>\n","protected":false},"author":5,"featured_media":0,"parent":78,"menu_order":9,"comment_status":"closed","ping_status":"closed","template":"","meta":{"footnotes":""},"class_list":["post-4278","page","type-page","status-publish","hentry"],"_links":{"self":[{"href":"https:\/\/www.afadomeny.cat\/index.php\/wp-json\/wp\/v2\/pages\/4278","targetHints":{"allow":["GET"]}}],"collection":[{"href":"https:\/\/www.afadomeny.cat\/index.php\/wp-json\/wp\/v2\/pages"}],"about":[{"href":"https:\/\/www.afadomeny.cat\/index.php\/wp-json\/wp\/v2\/types\/page"}],"author":[{"embeddable":true,"href":"https:\/\/www.afadomeny.cat\/index.php\/wp-json\/wp\/v2\/users\/5"}],"replies":[{"embeddable":true,"href":"https:\/\/www.afadomeny.cat\/index.php\/wp-json\/wp\/v2\/comments?post=4278"}],"version-history":[{"count":6,"href":"https:\/\/www.afadomeny.cat\/index.php\/wp-json\/wp\/v2\/pages\/4278\/revisions"}],"predecessor-version":[{"id":4606,"href":"https:\/\/www.afadomeny.cat\/index.php\/wp-json\/wp\/v2\/pages\/4278\/revisions\/4606"}],"up":[{"embeddable":true,"href":"https:\/\/www.afadomeny.cat\/index.php\/wp-json\/wp\/v2\/pages\/78"}],"wp:attachment":[{"href":"https:\/\/www.afadomeny.cat\/index.php\/wp-json\/wp\/v2\/media?parent=4278"}],"curies":[{"name":"wp","href":"https:\/\/api.w.org\/{rel}","templated":true}]}}