{"id":3731,"date":"2022-09-14T12:42:24","date_gmt":"2022-09-14T11:42:24","guid":{"rendered":"https:\/\/www.afadomeny.cat\/?page_id=3731"},"modified":"2023-03-15T08:58:39","modified_gmt":"2023-03-15T07:58:39","slug":"bicibus","status":"publish","type":"page","link":"https:\/\/www.afadomeny.cat\/index.php\/bicibus\/","title":{"rendered":"Bicibus"},"content":{"rendered":"<p>Un bicib\u00fas \u00e9s un grup d&#8217;infants que es mouen amb bicicleta cap a l&#8217;escola acompanyats de persones adultes. De la mateixa manera que un autob\u00fas, disposa d&#8217;un recorregut definit i uns horaris de pas.<\/p>\n<p>A Domeny, juntament amb l&#8217;escola de Balandrau, tenim les seg\u00fcents l\u00ednies en marxa:<\/p>\n<p><strong>L\u00cdNIA GROGA SANT DANIEL (cada dijous i divendres)<\/strong><\/p>\n<ul>\n<li>Sant Daniel &#8211; Monestir 8:33<\/li>\n<li>Pla\u00e7a Sant Pere 8:38<\/li>\n<li>Vies 8:43<\/li>\n<li>Passera del Ter 8:45<\/li>\n<li>Arribada a les escoles 8:50<\/li>\n<\/ul>\n<p><strong>L\u00cdNIA BLAVA SANT NARC\u00cdS (cada divendres)<\/strong><\/p>\n<ul>\n<li>Pla\u00e7a Assumpci\u00f3 8:25<\/li>\n<li>Pla\u00e7a Europa 8:28<\/li>\n<li>Estaci\u00f3 Jove 8:33<\/li>\n<li>Riu G\u00fcell 8:38<\/li>\n<li>Passera del Ter 8:45xx<\/li>\n<li>Arribada a les escoles 8:50<\/li>\n<\/ul>\n<p><strong>L\u00cdNIA VERMELLA SALT &#8211; SANTA EUG\u00c8NIA (cada dijous i divendres)<\/strong><\/p>\n<ul>\n<li>Barri vell de Salt (Pont Monar) 8:25<\/li>\n<li>Institut Vallvera 8:30<\/li>\n<li>Comacros 8:35<\/li>\n<li>Marf\u00e0 8:38<\/li>\n<li>Lidl &#8211; Escola d&#8217;idiomes 8:40<\/li>\n<li>Hortes 8:45<\/li>\n<li>Arribada a les escoles 8:50<\/li>\n<\/ul>\n<p><strong>LINIA TARONJA PONT MAJOR<\/strong><\/p>\n<ul>\n<li>C. Riera de Can Camaret \u201cCal Flequer&#8221; 8:40<\/li>\n<li>Rotonda Pg. St. Joan Bosco \u201cVeterinari\u201d 8:45<\/li>\n<li>Rotonda Pont de la Barca \u201cCinemes\u201d 8:50<\/li>\n<li>Rambla Xavier Cugat \u201cEstanc\u201d 8:53<\/li>\n<li>Arribada a les escoles 8:56<\/li>\n<\/ul>\n<p><img loading=\"lazy\" decoding=\"async\" class=\"size-full wp-image-3733 aligncenter\" src=\"https:\/\/www.afadomeny.cat\/wp-content\/uploads\/2022\/09\/PHOTO-2022-06-08-13-43-54-2.jpg\" alt=\"mapa bicibus\" width=\"1600\" height=\"826\" srcset=\"https:\/\/www.afadomeny.cat\/wp-content\/uploads\/2022\/09\/PHOTO-2022-06-08-13-43-54-2.jpg 1600w, https:\/\/www.afadomeny.cat\/wp-content\/uploads\/2022\/09\/PHOTO-2022-06-08-13-43-54-2-300x155.jpg 300w, https:\/\/www.afadomeny.cat\/wp-content\/uploads\/2022\/09\/PHOTO-2022-06-08-13-43-54-2-1024x529.jpg 1024w, https:\/\/www.afadomeny.cat\/wp-content\/uploads\/2022\/09\/PHOTO-2022-06-08-13-43-54-2-768x396.jpg 768w, https:\/\/www.afadomeny.cat\/wp-content\/uploads\/2022\/09\/PHOTO-2022-06-08-13-43-54-2-1536x793.jpg 1536w, https:\/\/www.afadomeny.cat\/wp-content\/uploads\/2022\/09\/PHOTO-2022-06-08-13-43-54-2-1170x604.jpg 1170w\" sizes=\"auto, (max-width: 1600px) 100vw, 1600px\" \/><\/p>\n<p>&nbsp;<\/p>\n<p><strong>Per a participar-hi nom\u00e9s t&#8217;has de donar d&#8217;alta a l&#8217;<a href=\"http:\/\/app.bicibus.cat\">app.bicibus.cat<\/a> i presentar-te a la parada que t&#8217;interessi el dia que toqui!\u00a0<\/strong><\/p>\n<p>Cada l\u00ednia t\u00e9, a m\u00e9s, un grup de whatsapp per a comunicar-se qualsevol incid\u00e8ncia. T&#8217;hi pots afegir seguint els enlla\u00e7os:<\/p>\n<ul>\n<li><a href=\"https:\/\/chat.whatsapp.com\/GrIsQvOasAA0nEnM73Duq2\">L\u00ednia vermella<\/a><\/li>\n<li><a href=\"https:\/\/chat.whatsapp.com\/Lvz8ixgIhCa9eAoeRdWIrz\">L\u00ednia blava<\/a><\/li>\n<li>L\u00ednia groga<\/li>\n<li><a href=\"https:\/\/chat.whatsapp.com\/FDzKFrfkyCZ7ryS9dvVFLL\">L\u00ednia taronja<\/a><\/li>\n<\/ul>\n<p>I si vols ser motor o t&#8217;interessa obrir una l\u00ednia nova, no en dubtis i escriu a <a href=\"http:\/\/mobilitat@afadomeny.cat!\">mobilitat@afadomeny.cat!<\/a><\/p>\n","protected":false},"excerpt":{"rendered":"<p>Un bicib\u00fas \u00e9s un grup d&#8217;infants que es mouen amb bicicleta cap a l&#8217;escola acompanyats de persones adultes. De la mateixa manera que un autob\u00fas, disposa d&#8217;un recorregut definit i uns horaris de pas. A<\/p>\n","protected":false},"author":5,"featured_media":3732,"parent":0,"menu_order":5,"comment_status":"closed","ping_status":"closed","template":"","meta":{"footnotes":""},"class_list":["post-3731","page","type-page","status-publish","has-post-thumbnail","hentry"],"_links":{"self":[{"href":"https:\/\/www.afadomeny.cat\/index.php\/wp-json\/wp\/v2\/pages\/3731","targetHints":{"allow":["GET"]}}],"collection":[{"href":"https:\/\/www.afadomeny.cat\/index.php\/wp-json\/wp\/v2\/pages"}],"about":[{"href":"https:\/\/www.afadomeny.cat\/index.php\/wp-json\/wp\/v2\/types\/page"}],"author":[{"embeddable":true,"href":"https:\/\/www.afadomeny.cat\/index.php\/wp-json\/wp\/v2\/users\/5"}],"replies":[{"embeddable":true,"href":"https:\/\/www.afadomeny.cat\/index.php\/wp-json\/wp\/v2\/comments?post=3731"}],"version-history":[{"count":6,"href":"https:\/\/www.afadomeny.cat\/index.php\/wp-json\/wp\/v2\/pages\/3731\/revisions"}],"predecessor-version":[{"id":3864,"href":"https:\/\/www.afadomeny.cat\/index.php\/wp-json\/wp\/v2\/pages\/3731\/revisions\/3864"}],"wp:featuredmedia":[{"embeddable":true,"href":"https:\/\/www.afadomeny.cat\/index.php\/wp-json\/wp\/v2\/media\/3732"}],"wp:attachment":[{"href":"https:\/\/www.afadomeny.cat\/index.php\/wp-json\/wp\/v2\/media?parent=3731"}],"curies":[{"name":"wp","href":"https:\/\/api.w.org\/{rel}","templated":true}]}}

<p>Un bicibús és un grup d&#8217;infants que es mouen amb bicicleta cap a l&#8217;escola acompanyats de persones adultes. De la mateixa manera que un autobús, disposa d&#8217;un recorregut definit i uns horaris de pas.</p>
<p>A Domeny, juntament amb l&#8217;escola de Balandrau, tenim les següents línies en marxa:</p>
<p><strong>LÍNIA GROGA SANT DANIEL (cada dijous i divendres)</strong></p>
<ul>
<li>Sant Daniel &#8211; Monestir 8:33</li>
<li>Plaça Sant Pere 8:38</li>
<li>Vies 8:43</li>
<li>Passera del Ter 8:45</li>
<li>Arribada a les escoles 8:50</li>
</ul>
<p><strong>LÍNIA BLAVA SANT NARCÍS (cada divendres)</strong></p>
<ul>
<li>Plaça Assumpció 8:25</li>
<li>Plaça Europa 8:28</li>
<li>Estació Jove 8:33</li>
<li>Riu Güell 8:38</li>
<li>Passera del Ter 8:45xx</li>
<li>Arribada a les escoles 8:50</li>
</ul>
<p><strong>LÍNIA VERMELLA SALT &#8211; SANTA EUGÈNIA (cada dijous i divendres)</strong></p>
<ul>
<li>Barri vell de Salt (Pont Monar) 8:25</li>
<li>Institut Vallvera 8:30</li>
<li>Comacros 8:35</li>
<li>Marfà 8:38</li>
<li>Lidl &#8211; Escola d&#8217;idiomes 8:40</li>
<li>Hortes 8:45</li>
<li>Arribada a les escoles 8:50</li>
</ul>
<p><strong>LINIA TARONJA PONT MAJOR</strong></p>
<ul>
<li>C. Riera de Can Camaret “Cal Flequer&#8221; 8:40</li>
<li>Rotonda Pg. St. Joan Bosco “Veterinari” 8:45</li>
<li>Rotonda Pont de la Barca “Cinemes” 8:50</li>
<li>Rambla Xavier Cugat “Estanc” 8:53</li>
<li>Arribada a les escoles 8:56</li>
</ul>
<p><img loading="lazy" decoding="async" class="size-full wp-image-3733 aligncenter" src="https://www.afadomeny.cat/wp-content/uploads/2022/09/PHOTO-2022-06-08-13-43-54-2.jpg" alt="mapa bicibus" width="1600" height="826" srcset="https://www.afadomeny.cat/wp-content/uploads/2022/09/PHOTO-2022-06-08-13-43-54-2.jpg 1600w, https://www.afadomeny.cat/wp-content/uploads/2022/09/PHOTO-2022-06-08-13-43-54-2-300x155.jpg 300w, https://www.afadomeny.cat/wp-content/uploads/2022/09/PHOTO-2022-06-08-13-43-54-2-1024x529.jpg 1024w, https://www.afadomeny.cat/wp-content/uploads/2022/09/PHOTO-2022-06-08-13-43-54-2-768x396.jpg 768w, https://www.afadomeny.cat/wp-content/uploads/2022/09/PHOTO-2022-06-08-13-43-54-2-1536x793.jpg 1536w, https://www.afadomeny.cat/wp-content/uploads/2022/09/PHOTO-2022-06-08-13-43-54-2-1170x604.jpg 1170w" sizes="auto, (max-width: 1600px) 100vw, 1600px" /></p>
<p>&nbsp;</p>
<p><strong>Per a participar-hi només t&#8217;has de donar d&#8217;alta a l&#8217;<a href="http://app.bicibus.cat">app.bicibus.cat</a> i presentar-te a la parada que t&#8217;interessi el dia que toqui! </strong></p>
<p>Cada línia té, a més, un grup de whatsapp per a comunicar-se qualsevol incidència. T&#8217;hi pots afegir seguint els enllaços:</p>
<ul>
<li><a href="https://chat.whatsapp.com/GrIsQvOasAA0nEnM73Duq2">Línia vermella</a></li>
<li><a href="https://chat.whatsapp.com/Lvz8ixgIhCa9eAoeRdWIrz">Línia blava</a></li>
<li>Línia groga</li>
<li><a href="https://chat.whatsapp.com/FDzKFrfkyCZ7ryS9dvVFLL">Línia taronja</a></li>
</ul>
<p>I si vols ser motor o t&#8217;interessa obrir una línia nova, no en dubtis i escriu a <a href="http://mobilitat@afadomeny.cat!">mobilitat@afadomeny.cat!</a></p>

<p>Un bicibús és un grup d&#8217;infants que es mouen amb bicicleta cap a l&#8217;escola acompanyats de persones adultes. De la mateixa manera que un autobús, disposa d&#8217;un recorregut definit i uns horaris de pas. A</p>
