{"id":3674,"date":"2022-07-29T15:53:01","date_gmt":"2022-07-29T14:53:01","guid":{"rendered":"https:\/\/www.afadomeny.cat\/?page_id=3674"},"modified":"2022-07-29T16:02:21","modified_gmt":"2022-07-29T15:02:21","slug":"eco-domeny","status":"publish","type":"page","link":"https:\/\/www.afadomeny.cat\/index.php\/eco-domeny\/","title":{"rendered":"ECO-DOMENY"},"content":{"rendered":"<p><b>SAB\u00d3 CIRCULAR<\/b><\/p>\n<p><span style=\"font-weight: 400;\">Des de l&#8217;Afa s\u2019ha impulsat aquest projecte que ha tingut molt d\u2019\u00e8xit a tota la comunitat de Domeny.<\/span><\/p>\n<p><span style=\"font-weight: 400;\">El projecte consisteix en fer un intercanvi amb les fam\u00edlies. <\/span><b>Les fam\u00edlies donen oli d\u2019oliva usat i s\u2019emporten sab\u00f3 per rentar la roba.\u00a0<\/b><\/p>\n<p><img loading=\"lazy\" decoding=\"async\" class=\"size-full wp-image-3682 aligncenter\" src=\"https:\/\/www.afadomeny.cat\/wp-content\/uploads\/2022\/07\/Portada-projecte-sabo-circular-1.jpg\" alt=\"\" width=\"1080\" height=\"663\" srcset=\"https:\/\/www.afadomeny.cat\/wp-content\/uploads\/2022\/07\/Portada-projecte-sabo-circular-1.jpg 1080w, https:\/\/www.afadomeny.cat\/wp-content\/uploads\/2022\/07\/Portada-projecte-sabo-circular-1-300x184.jpg 300w, https:\/\/www.afadomeny.cat\/wp-content\/uploads\/2022\/07\/Portada-projecte-sabo-circular-1-1024x629.jpg 1024w, https:\/\/www.afadomeny.cat\/wp-content\/uploads\/2022\/07\/Portada-projecte-sabo-circular-1-768x471.jpg 768w\" sizes=\"auto, (max-width: 1080px) 100vw, 1080px\" \/><\/p>\n<p>&nbsp;<\/p>\n<p><b>Per cada env\u00e0s d\u2019oli que es porta, es pot triar entre agafar 1 pastilla de sab\u00f3 o un paquet de preparat per l\u2019elaboraci\u00f3 de sab\u00f3 l\u00edquid per a la rentadora.<\/b><span style=\"font-weight: 400;\"> El paquet de preparat cont\u00e9 tots els ingredients en sec necessaris i les instruccions per fer 3 l de sab\u00f3 l\u00edquid per la rentadora.<\/span><\/p>\n<p><span style=\"font-weight: 400;\">Durant el curs 21-22 s\u2019han intercanviat uns <\/span><b>60 litres d\u2019oli<\/b><span style=\"font-weight: 400;\"><strong> i s\u2019han entregat uns 40 paquets de sab\u00f3 !<\/strong> Gr\u00e0cies a tots!\u00a0<\/span><\/p>\n<p><img loading=\"lazy\" decoding=\"async\" class=\"size-full wp-image-3676 aligncenter\" src=\"https:\/\/www.afadomeny.cat\/wp-content\/uploads\/2022\/07\/Pastilles-sabo.jpg\" alt=\"\" width=\"1152\" height=\"2048\" srcset=\"https:\/\/www.afadomeny.cat\/wp-content\/uploads\/2022\/07\/Pastilles-sabo.jpg 1152w, https:\/\/www.afadomeny.cat\/wp-content\/uploads\/2022\/07\/Pastilles-sabo-169x300.jpg 169w, https:\/\/www.afadomeny.cat\/wp-content\/uploads\/2022\/07\/Pastilles-sabo-576x1024.jpg 576w, https:\/\/www.afadomeny.cat\/wp-content\/uploads\/2022\/07\/Pastilles-sabo-768x1365.jpg 768w, https:\/\/www.afadomeny.cat\/wp-content\/uploads\/2022\/07\/Pastilles-sabo-864x1536.jpg 864w\" sizes=\"auto, (max-width: 1152px) 100vw, 1152px\" \/><\/p>\n<p>&nbsp;<\/p>\n<p><b>INFORMACI\u00d3 IMPORTANT<\/b><\/p>\n<p><b>L\u2019Oli ha de ser exclusivament oli d\u2019oliva.<\/b><span style=\"font-weight: 400;\"> Altres tipus d\u2019oli podrien fer que el sab\u00f3 es torn\u00e9s ranci amb el temps.<\/span><\/p>\n<p><span style=\"font-weight: 400;\">Pot ser l\u2019oli de cuinar de casa, o el de la fregidora. I tamb\u00e9 l\u2019oli de les llaunes de conserva que portin oli d\u2019oliva.<\/span><\/p>\n<p><span style=\"font-weight: 400;\">Per tal de facilitar &#8216;emmagatzematge <\/span><b>s\u2019ha de guardar l\u2019oli en ampolles de pl\u00e0stic o garrafes<\/b><span style=\"font-weight: 400;\">.<\/span><\/p>\n<p><b>Mitjan\u00e7ant els diferents canals de comunicaci\u00f3 de l\u2019escola i l\u2019AFA s\u2019anir\u00e0 informant dels dies de l\u2019intercanvi.<\/b><\/p>\n<p><b>COM BENEFICIEM AL MEDI AMBIENT?<\/b><\/p>\n<p><span style=\"font-weight: 400;\">Quan es llen\u00e7a oli per la pica, lavabos etc, encara que siguin quantitats petites estem dificultant la depuraci\u00f3 de les aig\u00fces residuals, i a m\u00e9s:<\/span><\/p>\n<p><img loading=\"lazy\" decoding=\"async\" class=\"size-full wp-image-3683 aligncenter\" src=\"https:\/\/www.afadomeny.cat\/wp-content\/uploads\/2022\/07\/Beneficis-Medi-Ambient.jpeg\" alt=\"\" width=\"1414\" height=\"728\" srcset=\"https:\/\/www.afadomeny.cat\/wp-content\/uploads\/2022\/07\/Beneficis-Medi-Ambient.jpeg 1414w, https:\/\/www.afadomeny.cat\/wp-content\/uploads\/2022\/07\/Beneficis-Medi-Ambient-300x154.jpeg 300w, https:\/\/www.afadomeny.cat\/wp-content\/uploads\/2022\/07\/Beneficis-Medi-Ambient-1024x527.jpeg 1024w, https:\/\/www.afadomeny.cat\/wp-content\/uploads\/2022\/07\/Beneficis-Medi-Ambient-768x395.jpeg 768w, https:\/\/www.afadomeny.cat\/wp-content\/uploads\/2022\/07\/Beneficis-Medi-Ambient-1170x602.jpeg 1170w\" sizes=\"auto, (max-width: 1414px) 100vw, 1414px\" \/><\/p>\n<p>&nbsp;<\/p>\n<p><span style=\"font-weight: 400;\">Per tal de fer una correcta gesti\u00f3 de l\u2019oli dom\u00e8stic usat, s\u2019ha de separar l\u2019oli\u00a0 guardar-lo en un recipient per portar-lo a la deixalleria. Fent aix\u00f2 s\u2019afavoreix a:<\/span><b><\/b><\/p>\n<ul>\n<li aria-level=\"1\"><span style=\"font-weight: 400;\">reduir la contaminaci\u00f3 de l\u2019aigua. Contribu\u00efm a disminuir la producci\u00f3 de CO<\/span><span style=\"font-weight: 400;\">2<\/span><span style=\"font-weight: 400;\">. Es redueixen els costos de depuraci\u00f3 d\u2019aig\u00fces.<\/span><\/li>\n<li style=\"font-weight: 400;\" aria-level=\"1\"><span style=\"font-weight: 400;\">permet transformar l\u2019oli usat en altres productes ( a l\u2019escola sab\u00f3) per\u00f2 tamb\u00e9 biodi\u00e8sel, un combustible que produeix un 80% menys d\u2019emissions, i en glicerina, base de sabons i productes de cosm\u00e8tica.<\/span><\/li>\n<\/ul>\n<p><span style=\"font-weight: 400;\">A Catalunya es consumeixen uns 7.400 tonelades d\u2019oli i se\u2019n recullen 1.370 Tonalades ( un 18,5% ). <\/span><\/p>\n<p><span style=\"font-weight: 400;\">L\u2019oli dom\u00e8stic usat que s\u2019aboca a l\u2019aixeta \u00e9s un residu contaminant de s\u00f2l i d\u2019aigua i si el reciclem de forma adequada es pot transformar en combustible net.<\/span><\/p>\n<p>&nbsp;<\/p>\n","protected":false},"excerpt":{"rendered":"<p>SAB\u00d3 CIRCULAR Des de l&#8217;Afa s\u2019ha impulsat aquest projecte que ha tingut molt d\u2019\u00e8xit a tota la comunitat de Domeny. El projecte consisteix en fer un intercanvi amb les fam\u00edlies. Les fam\u00edlies donen oli d\u2019oliva<\/p>\n","protected":false},"author":5,"featured_media":0,"parent":0,"menu_order":4,"comment_status":"closed","ping_status":"closed","template":"","meta":{"footnotes":""},"class_list":["post-3674","page","type-page","status-publish","hentry"],"_links":{"self":[{"href":"https:\/\/www.afadomeny.cat\/index.php\/wp-json\/wp\/v2\/pages\/3674","targetHints":{"allow":["GET"]}}],"collection":[{"href":"https:\/\/www.afadomeny.cat\/index.php\/wp-json\/wp\/v2\/pages"}],"about":[{"href":"https:\/\/www.afadomeny.cat\/index.php\/wp-json\/wp\/v2\/types\/page"}],"author":[{"embeddable":true,"href":"https:\/\/www.afadomeny.cat\/index.php\/wp-json\/wp\/v2\/users\/5"}],"replies":[{"embeddable":true,"href":"https:\/\/www.afadomeny.cat\/index.php\/wp-json\/wp\/v2\/comments?post=3674"}],"version-history":[{"count":6,"href":"https:\/\/www.afadomeny.cat\/index.php\/wp-json\/wp\/v2\/pages\/3674\/revisions"}],"predecessor-version":[{"id":3730,"href":"https:\/\/www.afadomeny.cat\/index.php\/wp-json\/wp\/v2\/pages\/3674\/revisions\/3730"}],"wp:attachment":[{"href":"https:\/\/www.afadomeny.cat\/index.php\/wp-json\/wp\/v2\/media?parent=3674"}],"curies":[{"name":"wp","href":"https:\/\/api.w.org\/{rel}","templated":true}]}}