{"id":231,"date":"2015-06-01T20:00:44","date_gmt":"2015-06-01T19:00:44","guid":{"rendered":"http:\/\/www.afadomeny.cat\/?page_id=231"},"modified":"2018-09-15T00:33:54","modified_gmt":"2018-09-14T23:33:54","slug":"festes","status":"publish","type":"page","link":"https:\/\/www.afadomeny.cat\/index.php\/que-fem\/festes\/","title":{"rendered":"Festes"},"content":{"rendered":"<h3>Comissi\u00f3 de festes.<\/h3>\n<p>La comissi\u00f3 de festes es dedica a organitzar totes les festes gestionades per l&#8217; AFA, unes en horari escolar i d&#8217; altres fora de l&#8217;horari escolar.<\/p>\n<p style=\"text-align: justify;\">La primera festa que s&#8217; organitza \u00e9s la de la Castanyada. Es couen castanyes per a tots els infants i es fa una petita representaci\u00f3 del conte de la Castanyera.<\/p>\n<p style=\"text-align: justify;\">Al desembre es prepara la festa de Nadal,a la que segons els anys es fan quines, espectacles varis, rifes&#8230;<\/p>\n<p style=\"text-align: justify;\">Passat el primer trimestre, la primera festa que es fa \u00e9s la de Sant Jordi. Els pares i mares preparen una petita representaci\u00f3 de l&#8217; obra de Sant Jordi i tamb\u00e9 es fa la Fira de l&#8217; intercanvi de llibres, en la que es poden canviar els llibres que ja no mireu per d&#8217; altres que us interessin.<\/p>\n<p style=\"text-align: justify;\"><a href=\"http:\/\/www.afadomeny.cat\/wp-content\/uploads\/2015\/06\/Festes-Primavera.jpg\"><img loading=\"lazy\" decoding=\"async\" class=\"alignleft size-medium wp-image-554\" src=\"http:\/\/www.afadomeny.cat\/wp-content\/uploads\/2015\/06\/Festes-Primavera-300x200.jpg\" alt=\"Festes Primavera\" width=\"300\" height=\"200\" srcset=\"https:\/\/www.afadomeny.cat\/wp-content\/uploads\/2015\/06\/Festes-Primavera-300x200.jpg 300w, https:\/\/www.afadomeny.cat\/wp-content\/uploads\/2015\/06\/Festes-Primavera.jpg 1024w, https:\/\/www.afadomeny.cat\/wp-content\/uploads\/2015\/06\/Festes-Primavera-972x649.jpg 972w\" sizes=\"auto, (max-width: 300px) 100vw, 300px\" \/><\/a><\/p>\n<p style=\"text-align: justify;\">Al maig es fa la Festa de primavera, on es fan curses per nivells i diferents tallers, com ara cupcakes, maquillatge, tatoos&#8230;<\/p>\n<p style=\"text-align: justify;\">I aix\u00ed arribem a l&#8217; \u00faltima de les festes, la festa de final de curs. En aquesta festa es poden fer, des de petites exhibicions d&#8217;algunes de les extraescolars, fins a espectacles infantils, jocs varis&#8230;i acabem la festa amb un sopar de germanor i m\u00fasica per a ballar.<\/p>\n<p style=\"text-align: justify;\"><a href=\"http:\/\/www.afadomeny.cat\/wp-content\/uploads\/2015\/06\/Festes.jpg\"><img loading=\"lazy\" decoding=\"async\" class=\"alignleft size-medium wp-image-552\" src=\"http:\/\/www.afadomeny.cat\/wp-content\/uploads\/2015\/06\/Festes-300x200.jpg\" alt=\"Festes\" width=\"300\" height=\"200\" srcset=\"https:\/\/www.afadomeny.cat\/wp-content\/uploads\/2015\/06\/Festes-300x200.jpg 300w, https:\/\/www.afadomeny.cat\/wp-content\/uploads\/2015\/06\/Festes.jpg 1024w, https:\/\/www.afadomeny.cat\/wp-content\/uploads\/2015\/06\/Festes-972x649.jpg 972w\" sizes=\"auto, (max-width: 300px) 100vw, 300px\" \/><\/a>Aquest curs 2014\/15\u00a0la comissi\u00f3 de festes ha fet un calendari dels alumnes i personal de l&#8217; escola. Amb els diners recollits es\u00a0 cobreixen les despeses de totes les festes.<\/p>\n","protected":false},"excerpt":{"rendered":"<p>Comissi\u00f3 de festes. La comissi\u00f3 de festes es dedica a organitzar totes les festes gestionades per l&#8217; AFA, unes en horari escolar i d&#8217; altres fora de l&#8217;horari escolar. La primera festa que s&#8217; organitza<\/p>\n","protected":false},"author":5,"featured_media":0,"parent":15,"menu_order":5,"comment_status":"closed","ping_status":"open","template":"festes-fixed-mobil.php","meta":{"footnotes":""},"class_list":["post-231","page","type-page","status-publish","hentry"],"_links":{"self":[{"href":"https:\/\/www.afadomeny.cat\/index.php\/wp-json\/wp\/v2\/pages\/231","targetHints":{"allow":["GET"]}}],"collection":[{"href":"https:\/\/www.afadomeny.cat\/index.php\/wp-json\/wp\/v2\/pages"}],"about":[{"href":"https:\/\/www.afadomeny.cat\/index.php\/wp-json\/wp\/v2\/types\/page"}],"author":[{"embeddable":true,"href":"https:\/\/www.afadomeny.cat\/index.php\/wp-json\/wp\/v2\/users\/5"}],"replies":[{"embeddable":true,"href":"https:\/\/www.afadomeny.cat\/index.php\/wp-json\/wp\/v2\/comments?post=231"}],"version-history":[{"count":0,"href":"https:\/\/www.afadomeny.cat\/index.php\/wp-json\/wp\/v2\/pages\/231\/revisions"}],"up":[{"embeddable":true,"href":"https:\/\/www.afadomeny.cat\/index.php\/wp-json\/wp\/v2\/pages\/15"}],"wp:attachment":[{"href":"https:\/\/www.afadomeny.cat\/index.php\/wp-json\/wp\/v2\/media?parent=231"}],"curies":[{"name":"wp","href":"https:\/\/api.w.org\/{rel}","templated":true}]}}

<h3>Comissió de festes.</h3>
<p>La comissió de festes es dedica a organitzar totes les festes gestionades per l&#8217; AFA, unes en horari escolar i d&#8217; altres fora de l&#8217;horari escolar.</p>
<p style="text-align: justify;">La primera festa que s&#8217; organitza és la de la Castanyada. Es couen castanyes per a tots els infants i es fa una petita representació del conte de la Castanyera.</p>
<p style="text-align: justify;">Al desembre es prepara la festa de Nadal,a la que segons els anys es fan quines, espectacles varis, rifes&#8230;</p>
<p style="text-align: justify;">Passat el primer trimestre, la primera festa que es fa és la de Sant Jordi. Els pares i mares preparen una petita representació de l&#8217; obra de Sant Jordi i també es fa la Fira de l&#8217; intercanvi de llibres, en la que es poden canviar els llibres que ja no mireu per d&#8217; altres que us interessin.</p>
<p style="text-align: justify;"><a href="http://www.afadomeny.cat/wp-content/uploads/2015/06/Festes-Primavera.jpg"><img loading="lazy" decoding="async" class="alignleft size-medium wp-image-554" src="http://www.afadomeny.cat/wp-content/uploads/2015/06/Festes-Primavera-300x200.jpg" alt="Festes Primavera" width="300" height="200" srcset="https://www.afadomeny.cat/wp-content/uploads/2015/06/Festes-Primavera-300x200.jpg 300w, https://www.afadomeny.cat/wp-content/uploads/2015/06/Festes-Primavera.jpg 1024w, https://www.afadomeny.cat/wp-content/uploads/2015/06/Festes-Primavera-972x649.jpg 972w" sizes="auto, (max-width: 300px) 100vw, 300px" /></a></p>
<p style="text-align: justify;">Al maig es fa la Festa de primavera, on es fan curses per nivells i diferents tallers, com ara cupcakes, maquillatge, tatoos&#8230;</p>
<p style="text-align: justify;">I així arribem a l&#8217; última de les festes, la festa de final de curs. En aquesta festa es poden fer, des de petites exhibicions d&#8217;algunes de les extraescolars, fins a espectacles infantils, jocs varis&#8230;i acabem la festa amb un sopar de germanor i música per a ballar.</p>
<p style="text-align: justify;"><a href="http://www.afadomeny.cat/wp-content/uploads/2015/06/Festes.jpg"><img loading="lazy" decoding="async" class="alignleft size-medium wp-image-552" src="http://www.afadomeny.cat/wp-content/uploads/2015/06/Festes-300x200.jpg" alt="Festes" width="300" height="200" srcset="https://www.afadomeny.cat/wp-content/uploads/2015/06/Festes-300x200.jpg 300w, https://www.afadomeny.cat/wp-content/uploads/2015/06/Festes.jpg 1024w, https://www.afadomeny.cat/wp-content/uploads/2015/06/Festes-972x649.jpg 972w" sizes="auto, (max-width: 300px) 100vw, 300px" /></a>Aquest curs 2014/15 la comissió de festes ha fet un calendari dels alumnes i personal de l&#8217; escola. Amb els diners recollits es  cobreixen les despeses de totes les festes.</p>

<p>Comissió de festes. La comissió de festes es dedica a organitzar totes les festes gestionades per l&#8217; AFA, unes en horari escolar i d&#8217; altres fora de l&#8217;horari escolar. La primera festa que s&#8217; organitza</p>
