{"id":1314,"date":"2017-06-08T15:52:24","date_gmt":"2017-06-08T14:52:24","guid":{"rendered":"http:\/\/www.afadomeny.cat\/?page_id=1314"},"modified":"2025-05-31T19:35:49","modified_gmt":"2025-05-31T18:35:49","slug":"art","status":"publish","type":"page","link":"https:\/\/www.afadomeny.cat\/index.php\/que-fem\/extraescolars\/art\/","title":{"rendered":"Taller d&#8217;Art"},"content":{"rendered":"<h3>Extraescolar Taller d&#8217;Art El Drac Blau<\/h3>\n<p><strong><span style=\"text-decoration: underline;\">Horaris<\/span>:<br \/>\nInfantil:<\/strong> dimarts, de 16.30 a 17.30 h<br \/>\n<strong>Prim\u00e0ria:<\/strong><br \/>\n1r i 3r: dimarts migdia<br \/>\n2n: dijous migdia<br \/>\n4t: dimarts migdia<br \/>\n5\u00e8 i 6\u00e8: dijous migdia<\/p>\n<p><strong><span style=\"text-decoration: underline;\">Preu<\/span>:<\/strong> 30 \u20ac\/mes + 15 \u20ac de matr\u00edcula (tot el material est\u00e0 incl\u00f2s)<\/p>\n<p><a href=\"https:\/\/eldracblau.com\/\">www.eldracblau.com<\/a><\/p>\n<p><a href=\"https:\/\/www.afadomeny.cat\/wp-content\/uploads\/2024\/06\/Taller-dArt-Domeny.pdf\" target=\"_blank\" rel=\"noopener\"><strong>M\u00e9s informaci\u00f3<\/strong><\/a><\/p>\n","protected":false},"excerpt":{"rendered":"<p>Extraescolar Taller d&#8217;Art El Drac Blau Horaris: Infantil: dimarts, de 16.30 a 17.30 h Prim\u00e0ria: 1r i 3r: dimarts migdia 2n: dijous migdia 4t: dimarts migdia 5\u00e8 i 6\u00e8: dijous migdia Preu: 30 \u20ac\/mes +<\/p>\n","protected":false},"author":1,"featured_media":0,"parent":78,"menu_order":0,"comment_status":"closed","ping_status":"closed","template":"","meta":{"footnotes":""},"class_list":["post-1314","page","type-page","status-publish","hentry"],"_links":{"self":[{"href":"https:\/\/www.afadomeny.cat\/index.php\/wp-json\/wp\/v2\/pages\/1314","targetHints":{"allow":["GET"]}}],"collection":[{"href":"https:\/\/www.afadomeny.cat\/index.php\/wp-json\/wp\/v2\/pages"}],"about":[{"href":"https:\/\/www.afadomeny.cat\/index.php\/wp-json\/wp\/v2\/types\/page"}],"author":[{"embeddable":true,"href":"https:\/\/www.afadomeny.cat\/index.php\/wp-json\/wp\/v2\/users\/1"}],"replies":[{"embeddable":true,"href":"https:\/\/www.afadomeny.cat\/index.php\/wp-json\/wp\/v2\/comments?post=1314"}],"version-history":[{"count":7,"href":"https:\/\/www.afadomeny.cat\/index.php\/wp-json\/wp\/v2\/pages\/1314\/revisions"}],"predecessor-version":[{"id":4519,"href":"https:\/\/www.afadomeny.cat\/index.php\/wp-json\/wp\/v2\/pages\/1314\/revisions\/4519"}],"up":[{"embeddable":true,"href":"https:\/\/www.afadomeny.cat\/index.php\/wp-json\/wp\/v2\/pages\/78"}],"wp:attachment":[{"href":"https:\/\/www.afadomeny.cat\/index.php\/wp-json\/wp\/v2\/media?parent=1314"}],"curies":[{"name":"wp","href":"https:\/\/api.w.org\/{rel}","templated":true}]}}

<h3>Extraescolar Taller d&#8217;Art El Drac Blau</h3>
<p><strong><span style="text-decoration: underline;">Horaris</span>:<br />
Infantil:</strong> dimarts, de 16.30 a 17.30 h<br />
<strong>Primària:</strong><br />
1r i 3r: dimarts migdia<br />
2n: dijous migdia<br />
4t: dimarts migdia<br />
5è i 6è: dijous migdia</p>
<p><strong><span style="text-decoration: underline;">Preu</span>:</strong> 30 €/mes + 15 € de matrícula (tot el material està inclòs)</p>
<p><a href="https://eldracblau.com/">www.eldracblau.com</a></p>
<p><a href="https://www.afadomeny.cat/wp-content/uploads/2024/06/Taller-dArt-Domeny.pdf" target="_blank" rel="noopener"><strong>Més informació</strong></a></p>

<p>Extraescolar Taller d&#8217;Art El Drac Blau Horaris: Infantil: dimarts, de 16.30 a 17.30 h Primària: 1r i 3r: dimarts migdia 2n: dijous migdia 4t: dimarts migdia 5è i 6è: dijous migdia Preu: 30 €/mes +</p>
